 1196 a multiple of 40?
False
Is 17 a factor of 68?
True
Does 321 divide 53928?
True
Is 42272 a multiple of 32?
True
Is 36 a factor of 267?
False
Is 18 a factor of 584?
False
Is 11373 a multiple of 5?
False
Is 9 a factor of 19?
False
Is 16 a factor of 2208?
True
Does 6 divide 111?
False
Is 48 a factor of 124?
False
Is 14268 a multiple of 174?
True
Does 53 divide 15529?
True
Is 26 a factor of 390?
True
Is 4760 a multiple of 28?
True
Is 15 a factor of 1870?
False
Is 27176 a multiple of 21?
False
Does 15 divide 11235?
True
Is 13 a factor of 351?
True
Does 79 divide 711?
True
Is 6252 a multiple of 26?
False
Is 6592 a multiple of 64?
True
Is 28 a factor of 644?
True
Is 115611 a multiple of 253?
False
Does 91 divide 728?
True
Is 898 a multiple of 2?
True
Is 8816 a multiple of 61?
False
Is 20145 a multiple of 79?
True
Is 55 a factor of 8823?
False
Is 4578 a multiple of 8?
False
Is 2185 a multiple of 115?
True
Is 23 a factor of 4406?
False
Does 9 divide 2681?
False
Does 30 divide 15712?
False
Is 300 a multiple of 20?
True
Is 841 a multiple of 81?
False
Is 29215 a multiple of 105?
False
Is 279 a multiple of 93?
True
Does 15 divide 971?
False
Is 39916 a multiple of 26?
False
Is 1751 a multiple of 103?
True
Is 3575 a multiple of 11?
True
Does 2 divide 33?
False
Does 23 divide 24334?
True
Does 14 divide 5132?
False
Is 29 a factor of 29?
True
Is 3 a factor of 2341?
False
Is 1380 a multiple of 46?
True
Is 621 a multiple of 27?
True
Does 4 divide 184?
True
Is 3860 a multiple of 10?
True
Is 36 a factor of 349?
False
Does 17 divide 2805?
True
Is 14616 a multiple of 14?
True
Is 3312 a multiple of 12?
True
Is 700 a multiple of 14?
True
Is 735 a multiple of 75?
False
Does 377 divide 377?
True
Is 124 a factor of 1364?
True
Is 7121 a multiple of 33?
False
Does 52 divide 2097?
False
Does 10 divide 105?
False
Is 11 a factor of 816?
False
Does 4 divide 215?
False
Is 99 a factor of 704?
False
Is 12 a factor of 1114?
False
Does 150 divide 4647?
False
Does 85 divide 1037?
False
Is 29088 a multiple of 130?
False
Does 17 divide 362?
False
Is 1517 a multiple of 41?
True
Does 10 divide 720?
True
Is 5 a factor of 1445?
True
Is 48 a factor of 1123?
False
Is 10 a factor of 1230?
True
Is 3730 a multiple of 82?
False
Is 18094 a multiple of 109?
True
Is 13 a factor of 6518?
False
Is 3219 a multiple of 37?
True
Is 1438 a multiple of 10?
False
Is 6300 a multiple of 84?
True
Does 6 divide 102?
True
Is 20882 a multiple of 106?
True
Is 5529 a multiple of 57?
True
Does 15 divide 210?
True
Does 12 divide 13605?
False
Is 68 a factor of 1496?
True
Does 54 divide 8443?
False
Is 9575 a multiple of 46?
False
Does 9 divide 1148?
False
Is 30780 a multiple of 20?
True
Does 25 divide 688?
False
Does 7 divide 1316?
True
Is 132595 a multiple of 22?
False
Is 24 a factor of 8400?
True
Is 13 a factor of 5564?
True
Is 225 a multiple of 3?
True
Does 7 divide 85?
False
Is 15 a factor of 3979?
False
Does 22 divide 752?
False
Does 10 divide 36060?
True
Is 26207 a multiple of 251?
False
Does 84 divide 16296?
True
Is 17262 a multiple of 137?
True
Is 6887 a multiple of 71?
True
Does 109 divide 9278?
False
Does 104 divide 23504?
True
Is 66999 a multiple of 46?
False
Does 26 divide 563?
False
Is 18 a factor of 790?
False
Is 21 a factor of 30576?
True
Is 554 even?
True
Is 6 a factor of 246?
True
Does 5 divide 276?
False
Is 1024 a multiple of 16?
True
Is 6816 a multiple of 73?
False
Does 31 divide 4526?
True
Does 92 divide 20361?
False
Is 35 a factor of 4076?
False
Is 153 a factor of 21267?
True
Is 2550 a multiple of 51?
True
Is 42 a factor of 988?
False
Does 15 divide 2385?
True
Does 45 divide 28530?
True
Does 30 divide 2400?
True
Is 259 a factor of 2331?
True
Does 45 divide 990?
True
Is 39848 a multiple of 17?
True
Is 12 a factor of 9960?
True
Is 3596 a multiple of 43?
False
Is 3266 a multiple of 6?
False
Does 31 divide 138899?
False
Does 5 divide 5324?
False
Is 2873 a multiple of 4?
False
Is 29 a factor of 60871?
True
Is 17550 a multiple of 148?
False
Is 13 a factor of 481?
True
Does 3 divide 74?
False
Is 15 a factor of 570?
True
Does 62 divide 969?
False
Does 11 divide 1089?
True
Does 21 divide 10983?
True
Is 7436 a multiple of 26?
True
Is 13 a factor of 56628?
True
Does 5 divide 7079?
False
Is 11 a factor of 837?
False
Does 226 divide 35921?
False
Is 6497 a multiple of 59?
False
Does 9 divide 459?
True
Is 2256 a multiple of 24?
True
Is 522 a multiple of 7?
False
Is 14 a factor of 973?
False
Does 13 divide 39?
True
Is 7 a factor of 235?
False
Is 34 a factor of 6809?
False
Is 13923 a multiple of 13?
True
Is 1615 a multiple of 25?
False
Does 91 divide 2043?
False
Is 8 a factor of 413?
False
Does 15 divide 1554?
False
Is 5 a multiple of 2?
False
Does 10 divide 876?
False
Is 959 a multiple of 7?
True
Is 2 a factor of 30?
True
Is 4 a factor of 2281?
False
Does 24 divide 1522?
False
Does 2 divide 6461?
False
Does 28 divide 174552?
True
Is 7 a factor of 52?
False
Is 69 a multiple of 4?
False
Does 24 divide 14007?
False
Does 12 divide 2458?
False
Is 1175 a multiple of 44?
False
Is 1040 a multiple of 160?
False
Is 11 a factor of 11165?
True
Is 10 a factor of 63460?
True
Does 2 divide 4830?
True
Is 8122 a multiple of 31?
True
Does 14 divide 1434?
False
Is 4275 a multiple of 19?
True
Is 4 a factor of 789?
False
Does 22 divide 12166?
True
Does 72 divide 1008?
True
Is 695 a multiple of 31?
False
Is 48 a factor of 44352?
True
Is 23 a factor of 71875?
True
Is 4292 a multiple of 4?
True
Does 456 divide 99864?
True
Does 15 divide 2842?
False
Is 17578 a multiple of 39?
False
Does 17 divide 1173?
True
Does 20 divide 1180?
True
Is 1161 a multiple of 17?
False
Is 14040 a multiple of 390?
True
Is 47 a factor of 279?
False
Is 473 a multiple of 11?
True
Is 827 a multiple of 9?
False
Is 79 a factor of 44781?
False
Does 25 divide 466?
False
Does 4 divide 316?
True
Is 28203 a multiple of 37?
False
Does 13 divide 234?
True
Does 7 divide 49?
True
Is 2402 a multiple of 90?
False
Is 12 a factor of 30504?
True
Is 1062 a multiple of 18?
True
Is 7432 a multiple of 14?
False
Does 8 divide 6072?
True
Is 2084 a multiple of 8?
False
Is 2065 a multiple of 22?
False
Is 55 a factor of 935?
True
Does 29 divide 8983?
False
Is 25 a factor of 100?
True
Does 15 divide 13619?
False
Does 113 divide 63506?
True
Does 44 divide 3212?
True
Is 13 a factor of 20474?
False
Is 48 a factor of 1920?
True
Is 12 a factor of 6226?
False
Does 29 divide 27347?
True
Does 5 divide 9618?
False
Is 28556 a multiple of 129?
False
Is 8 a factor of 2728?
True
Is 8443 a multiple of 83?
False
Does 28 divide 840?
True
Does 55 divide 5720?
True
Is 1008 a multiple of 12?
True
Does 13 divide 3578?
False
Is 2419 a multiple of 51?
False
Is 3496 a multiple of 36?
False
Is 109 a factor of 3555?
False
Does 6 divide 3665?
False
Is 54 a factor of 5022?
True
Is 160 a factor of 72960?
True
Is 7 a factor of 8323?
True
Is 7 a factor of 83?
False
Is 2090 a multiple of 11?
True
Is 21 a factor of 2478?
True
Is 7823 a multiple of 134?
False
Does 32 divide 378?
False
Does 3 divide 333?
True
Is 1425 a multiple of 95?
True
Is 1140 a multiple of 12?
True
Is 1400 a multiple of 7?
True
Is 312 a multiple of 12?
True
Does 84 divide 1468?
False
Is 4176 a multiple of 19?
False
Is 429 a multiple of 4?
False
Is 151 a factor of 15944?
False
Is 80 a factor of 5783?
False
Does 10 divide 32990?
True
Is 16 a factor of 20368?
True
Is 426 a multiple of 3?
True
Is 27900 a multiple of 31?
True
Is 432 a multiple of 18?
True
Is 52950 a multiple of 190?
False
Is 630 a multiple of 30?
True
Does 39 divide 663?
True
Is 18 a factor of 311?
False
Is 237 a multiple of 20?
False
Is 46 a factor of 18262?
True
Does 21 divide 126?
True
Is 27246 a multiple of 19?
True
Is 35506 a multiple of 41?
True
Is 12 a factor of 652?
False
Is 38 a factor of 1482?
True
Does 69 divide 15939?
True
Does 32 divide 16928?
True
Is 10450 a multiple of 22?
True
Is 104652 a multiple of 342?
True
Is 20626 a multiple of 40?
False
Is 26664 a multiple of 6?
True
Is 179209 a multiple of 273?
False
Is 67 a multiple of 3?
False
Is 19 a factor of 1292?
True
Is 109 a multiple of 17?
False
Is 1914 a multiple of 22?
True
Does 7 divide 469?
True
Is 4630 a multiple of 153?
False
Does 9 divide 6732?
True
Is 7182 a multiple of 399?
True
Is 2533 a multiple of 28?
Fa